{"id":42,"date":"2025-04-01T23:23:21","date_gmt":"2025-04-01T23:23:21","guid":{"rendered":"https:\/\/consular.digitally.club\/?page_id=42"},"modified":"2026-02-02T22:40:02","modified_gmt":"2026-02-02T22:40:02","slug":"novedades","status":"publish","type":"page","link":"https:\/\/www.consularsa.com.ar\/?page_id=42","title":{"rendered":"Novedades"},"content":{"rendered":"\t\t<div data-elementor-type=\"wp-page\" data-elementor-id=\"42\" class=\"elementor elementor-42\" data-elementor-post-type=\"page\">\n\t\t\t\t<div class=\"elementor-element elementor-element-0eb1d82 e-flex e-con-boxed e-con e-parent\" data-id=\"0eb1d82\" data-element_type=\"container\" data-settings=\"{&quot;background_background&quot;:&quot;classic&quot;}\">\n\t\t\t\t\t<div class=\"e-con-inner\">\n\t\t<div class=\"elementor-element elementor-element-370dcc4 e-con-full animated-fast e-flex elementor-invisible e-con e-child\" data-id=\"370dcc4\" data-element_type=\"container\" data-settings=\"{&quot;background_background&quot;:&quot;classic&quot;,&quot;animation&quot;:&quot;fadeIn&quot;,&quot;animation_delay&quot;:100}\">\n\t\t\t\t<div class=\"elementor-element elementor-element-4ba670e elementor-widget elementor-widget-image\" data-id=\"4ba670e\" data-element_type=\"widget\" data-widget_type=\"image.default\">\n\t\t\t\t<div class=\"elementor-widget-container\">\n\t\t\t\t\t\t\t\t\t\t\t\t\t\t\t<img fetchpriority=\"high\" decoding=\"async\" width=\"995\" height=\"621\" src=\"https:\/\/www.consularsa.com.ar\/wp-content\/uploads\/Novedades.png\" class=\"attachment-large size-large wp-image-4322\" alt=\"\" srcset=\"https:\/\/www.consularsa.com.ar\/wp-content\/uploads\/Novedades.png 995w, https:\/\/www.consularsa.com.ar\/wp-content\/uploads\/Novedades-768x479.png 768w\" sizes=\"(max-width: 995px) 100vw, 995px\" \/>\t\t\t\t\t\t\t\t\t\t\t\t\t\t\t<\/div>\n\t\t\t\t<\/div>\n\t\t\t\t<\/div>\n\t\t<div class=\"elementor-element elementor-element-d598e75 e-con-full animated-fast e-flex elementor-invisible e-con e-child\" data-id=\"d598e75\" data-element_type=\"container\" data-settings=\"{&quot;animation&quot;:&quot;fadeIn&quot;,&quot;animation_delay&quot;:100}\">\n\t\t<div class=\"elementor-element elementor-element-df7dbe8 e-con-full e-flex e-con e-child\" data-id=\"df7dbe8\" data-element_type=\"container\">\n\t\t\t\t<div class=\"elementor-element elementor-element-b574b14 elementor-widget elementor-widget-heading\" data-id=\"b574b14\" data-element_type=\"widget\" data-widget_type=\"heading.default\">\n\t\t\t\t<div class=\"elementor-widget-container\">\n\t\t\t\t\t<h1 class=\"elementor-heading-title elementor-size-default\">Novedades que impulsan innovaci\u00f3n y desarrollo<\/h1>\t\t\t\t<\/div>\n\t\t\t\t<\/div>\n\t\t\t\t<div class=\"elementor-element elementor-element-2130ecb elementor-hidden-desktop elementor-hidden-laptop elementor-hidden-tablet_extra elementor-hidden-tablet elementor-hidden-mobile elementor-widget elementor-widget-text-editor\" data-id=\"2130ecb\" data-element_type=\"widget\" data-widget_type=\"text-editor.default\">\n\t\t\t\t<div class=\"elementor-widget-container\">\n\t\t\t\t\t\t\t\t\t<p>Descubr\u00ed nuestra experiencia a trav\u00e9s de proyectos ejecutados en transporte, energ\u00eda, miner\u00eda y Oil &amp; Gas. Cada caso refleja nuestra capacidad de adaptaci\u00f3n t\u00e9cnica con resultados de alto impacto.<\/p>\t\t\t\t\t\t\t\t<\/div>\n\t\t\t\t<\/div>\n\t\t\t\t<\/div>\n\t\t\t\t<\/div>\n\t\t\t\t\t<\/div>\n\t\t\t\t<\/div>\n\t\t<div class=\"elementor-element elementor-element-9033b29 e-flex e-con-boxed e-con e-parent\" data-id=\"9033b29\" data-element_type=\"container\" data-settings=\"{&quot;background_background&quot;:&quot;classic&quot;,&quot;shape_divider_top&quot;:&quot;tilt&quot;,&quot;shape_divider_bottom&quot;:&quot;tilt&quot;}\">\n\t\t\t\t\t<div class=\"e-con-inner\">\n\t\t\t\t<div class=\"elementor-shape elementor-shape-top\" aria-hidden=\"true\" data-negative=\"false\">\n\t\t\t<svg xmlns=\"http:\/\/www.w3.org\/2000\/svg\" viewBox=\"0 0 1000 100\" preserveAspectRatio=\"none\">\n\t<path class=\"elementor-shape-fill\" d=\"M0,6V0h1000v100L0,6z\"\/>\n<\/svg>\t\t<\/div>\n\t\t\t\t<div class=\"elementor-shape elementor-shape-bottom\" aria-hidden=\"true\" data-negative=\"false\">\n\t\t\t<svg xmlns=\"http:\/\/www.w3.org\/2000\/svg\" viewBox=\"0 0 1000 100\" preserveAspectRatio=\"none\">\n\t<path class=\"elementor-shape-fill\" d=\"M0,6V0h1000v100L0,6z\"\/>\n<\/svg>\t\t<\/div>\n\t\t\t\t<div class=\"elementor-element elementor-element-8586d9d elementor-widget-tablet_extra__width-initial elementor-widget-tablet__width-initial animated-fast elementor-invisible elementor-widget elementor-widget-taxonomy-filter\" data-id=\"8586d9d\" data-element_type=\"widget\" data-settings=\"{&quot;selected_element&quot;:&quot;fd3bbbd&quot;,&quot;taxonomy&quot;:&quot;category&quot;,&quot;item_alignment_horizontal&quot;:&quot;center&quot;,&quot;horizontal_scroll&quot;:&quot;enable&quot;,&quot;multiple_selection&quot;:&quot;yes&quot;,&quot;logical_combination&quot;:&quot;OR&quot;,&quot;_animation&quot;:&quot;fadeIn&quot;,&quot;_animation_delay&quot;:100}\" data-widget_type=\"taxonomy-filter.default\">\n\t\t\t\t<div class=\"elementor-widget-container\">\n\t\t\t\t\t\t\t<search class=\"e-filter\" role=\"search\" data-base-url=\"https:\/\/www.consularsa.com.ar\/\" data-page-num=\"1\">\n\t\t\t\t\t\t\t<button class=\"e-filter-item\" data-filter=\"infraestructura-y-obra-publica\" aria-pressed=\"false\">Infraestructura y obra p\u00fablica<\/button>\n\t\t\t\t\t\t\t<button class=\"e-filter-item\" data-filter=\"topografia-y-geoespacial\" aria-pressed=\"false\">Topograf\u00eda y geoespacial<\/button>\n\t\t\t\n\t\t\t\t\t\t\t\t\t<button class=\"e-filter-item\" data-filter=\"__all\" aria-pressed=\"true\">\n\t\t\t\tTodos\t\t\t<\/button>\n\t\t\t\t\t<\/search>\n\t\t\t\t\t\t<\/div>\n\t\t\t\t<\/div>\n\t\t\t\t<div class=\"elementor-element elementor-element-fd3bbbd elementor-widget__width-inherit animated-fast elementor-grid-3 elementor-grid-tablet-2 elementor-grid-mobile-1 elementor-invisible elementor-widget elementor-widget-loop-grid\" data-id=\"fd3bbbd\" data-element_type=\"widget\" data-settings=\"{&quot;template_id&quot;:&quot;923&quot;,&quot;pagination_type&quot;:&quot;prev_next&quot;,&quot;_animation&quot;:&quot;fadeIn&quot;,&quot;_animation_delay&quot;:100,&quot;_skin&quot;:&quot;post&quot;,&quot;columns&quot;:&quot;3&quot;,&quot;columns_tablet&quot;:&quot;2&quot;,&quot;columns_mobile&quot;:&quot;1&quot;,&quot;edit_handle_selector&quot;:&quot;[data-elementor-type=\\&quot;loop-item\\&quot;]&quot;,&quot;pagination_load_type&quot;:&quot;page_reload&quot;,&quot;row_gap&quot;:{&quot;unit&quot;:&quot;px&quot;,&quot;size&quot;:&quot;&quot;,&quot;sizes&quot;:[]},&quot;row_gap_laptop&quot;:{&quot;unit&quot;:&quot;px&quot;,&quot;size&quot;:&quot;&quot;,&quot;sizes&quot;:[]},&quot;row_gap_tablet_extra&quot;:{&quot;unit&quot;:&quot;px&quot;,&quot;size&quot;:&quot;&quot;,&quot;sizes&quot;:[]},&quot;row_gap_tablet&quot;:{&quot;unit&quot;:&quot;px&quot;,&quot;size&quot;:&quot;&quot;,&quot;sizes&quot;:[]},&quot;row_gap_mobile&quot;:{&quot;unit&quot;:&quot;px&quot;,&quot;size&quot;:&quot;&quot;,&quot;sizes&quot;:[]}}\" data-widget_type=\"loop-grid.post\">\n\t\t\t\t<div class=\"elementor-widget-container\">\n\t\t\t\t\t\t\t<div class=\"elementor-loop-container elementor-grid\" role=\"list\">\n\t\t<style id=\"loop-dynamic-923\">.e-loop-item-1811 .elementor-element.elementor-element-3d7f2f2d:not(.elementor-motion-effects-element-type-background), .e-loop-item-1811 .elementor-element.elementor-element-3d7f2f2d > .elementor-motion-effects-container > .elementor-motion-effects-layer{background-image:url(\"https:\/\/www.consularsa.com.ar\/wp-content\/uploads\/219-20251013112026-first.jpeg\");}<\/style><style id=\"loop-923\">.elementor-923 .elementor-element.elementor-element-3d7f2f2d{--display:flex;--min-height:450px;--justify-content:flex-end;--gap:16px 16px;--row-gap:16px;--column-gap:16px;--overlay-opacity:0.5;border-style:none;--border-style:none;--border-radius:24px 24px 24px 24px;box-shadow:0px 10px 20px 0px rgba(0, 0, 0, 0.1);--margin-top:0px;--margin-bottom:0px;--margin-left:0px;--margin-right:0px;--padding-top:036px;--padding-bottom:036px;--padding-left:036px;--padding-right:036px;}.elementor-923 .elementor-element.elementor-element-3d7f2f2d::before, .elementor-923 .elementor-element.elementor-element-3d7f2f2d > .elementor-background-video-container::before, .elementor-923 .elementor-element.elementor-element-3d7f2f2d > .e-con-inner > .elementor-background-video-container::before, .elementor-923 .elementor-element.elementor-element-3d7f2f2d > .elementor-background-slideshow::before, .elementor-923 .elementor-element.elementor-element-3d7f2f2d > .e-con-inner > .elementor-background-slideshow::before, .elementor-923 .elementor-element.elementor-element-3d7f2f2d > .elementor-motion-effects-container > .elementor-motion-effects-layer::before{background-color:transparent;--background-overlay:'';background-image:linear-gradient(180deg, #01003200 0%, #010032 90%);}.elementor-923 .elementor-element.elementor-element-3d7f2f2d:hover::before, .elementor-923 .elementor-element.elementor-element-3d7f2f2d:hover > .elementor-background-video-container::before, .elementor-923 .elementor-element.elementor-element-3d7f2f2d:hover > .e-con-inner > .elementor-background-video-container::before, .elementor-923 .elementor-element.elementor-element-3d7f2f2d > .elementor-background-slideshow:hover::before, .elementor-923 .elementor-element.elementor-element-3d7f2f2d > .e-con-inner > .elementor-background-slideshow:hover::before{background-color:transparent;--background-overlay:'';background-image:linear-gradient(180deg, #01003200 0%, #010032 60%);}.elementor-923 .elementor-element.elementor-element-3d7f2f2d.e-con:hover{--e-con-transform-scale:0.97;}.elementor-923 .elementor-element.elementor-element-3d7f2f2d:not(.elementor-motion-effects-element-type-background), .elementor-923 .elementor-element.elementor-element-3d7f2f2d > .elementor-motion-effects-container > .elementor-motion-effects-layer{background-position:center center;background-repeat:no-repeat;background-size:cover;}.elementor-923 .elementor-element.elementor-element-3d7f2f2d:hover{--overlay-opacity:0.7;box-shadow:0px 2px 2px 0px rgba(0, 0, 0, 0.1);}.elementor-923 .elementor-element.elementor-element-3d7f2f2d, .elementor-923 .elementor-element.elementor-element-3d7f2f2d::before{--overlay-transition:0.3s;}.elementor-923 .elementor-element.elementor-element-69873c3c{--display:flex;--justify-content:center;--align-items:flex-start;--container-widget-width:calc( ( 1 - var( --container-widget-flex-grow ) ) * 100% );--gap:8px 8px;--row-gap:8px;--column-gap:8px;--margin-top:0px;--margin-bottom:0px;--margin-left:0px;--margin-right:0px;--padding-top:0px;--padding-bottom:04px;--padding-left:04px;--padding-right:04px;}.elementor-923 .elementor-element.elementor-element-69873c3c.e-con{--flex-grow:0;--flex-shrink:0;}.elementor-widget-theme-post-title .elementor-heading-title{font-family:var( --e-global-typography-primary-font-family ), Sans-serif;font-weight:var( --e-global-typography-primary-font-weight );color:var( --e-global-color-primary );}.elementor-923 .elementor-element.elementor-element-7d036fb3 > .elementor-widget-container{margin:0px 0px 0px 0px;padding:0px 0px 0px 0px;}.elementor-923 .elementor-element.elementor-element-7d036fb3 .elementor-heading-title{font-family:\"Inter\", Sans-serif;font-size:28px;font-weight:700;line-height:34px;color:#FFFFFF;}.elementor-widget-divider{--divider-color:var( --e-global-color-secondary );}.elementor-widget-divider .elementor-divider__text{color:var( --e-global-color-secondary );font-family:var( --e-global-typography-secondary-font-family ), Sans-serif;font-weight:var( --e-global-typography-secondary-font-weight );}.elementor-widget-divider.elementor-view-stacked .elementor-icon{background-color:var( --e-global-color-secondary );}.elementor-widget-divider.elementor-view-framed .elementor-icon, .elementor-widget-divider.elementor-view-default .elementor-icon{color:var( --e-global-color-secondary );border-color:var( --e-global-color-secondary );}.elementor-widget-divider.elementor-view-framed .elementor-icon, .elementor-widget-divider.elementor-view-default .elementor-icon svg{fill:var( --e-global-color-secondary );}.elementor-923 .elementor-element.elementor-element-6849d07{--divider-border-style:solid;--divider-color:#FFFFFF;--divider-border-width:1px;}.elementor-923 .elementor-element.elementor-element-6849d07 .elementor-divider-separator{width:100%;}.elementor-923 .elementor-element.elementor-element-6849d07 .elementor-divider{padding-block-start:15px;padding-block-end:15px;}.elementor-923 .elementor-element.elementor-element-1f329c4{--display:flex;--flex-direction:row;--container-widget-width:calc( ( 1 - var( --container-widget-flex-grow ) ) * 100% );--container-widget-height:100%;--container-widget-flex-grow:1;--container-widget-align-self:stretch;--flex-wrap-mobile:wrap;--justify-content:space-between;--align-items:center;}.elementor-widget-heading .elementor-heading-title{font-family:var( --e-global-typography-primary-font-family ), Sans-serif;font-weight:var( --e-global-typography-primary-font-weight );color:var( --e-global-color-primary );}.elementor-923 .elementor-element.elementor-element-082b779 .elementor-heading-title{font-size:18px;font-weight:600;line-height:18px;color:#FFFFFF;}.elementor-widget-image .widget-image-caption{color:var( --e-global-color-text );font-family:var( --e-global-typography-text-font-family ), Sans-serif;font-weight:var( --e-global-typography-text-font-weight );}.elementor-923 .elementor-element.elementor-element-c0a7154 img{width:36px;}@media(max-width:1280px){.elementor-923 .elementor-element.elementor-element-3d7f2f2d{--padding-top:24px;--padding-bottom:24px;--padding-left:24px;--padding-right:24px;}.elementor-923 .elementor-element.elementor-element-7d036fb3 .elementor-heading-title{font-size:20px;line-height:28px;}}@media(max-width:991px){.elementor-923 .elementor-element.elementor-element-3d7f2f2d{--min-height:350px;}}@media(max-width:608px){.elementor-923 .elementor-element.elementor-element-3d7f2f2d{--min-height:350px;--padding-top:16px;--padding-bottom:16px;--padding-left:16px;--padding-right:16px;}}<\/style>\t\t<div data-elementor-type=\"loop-item\" data-elementor-id=\"923\" class=\"elementor elementor-923 e-loop-item e-loop-item-1811 post-1811 post type-post status-publish format-standard has-post-thumbnail hentry category-infraestructura-y-obra-publica\" data-elementor-post-type=\"elementor_library\" data-custom-edit-handle=\"1\">\n\t\t\t<a class=\"elementor-element elementor-element-3d7f2f2d e-transform e-flex e-con-boxed e-con e-parent\" data-id=\"3d7f2f2d\" data-element_type=\"container\" data-settings=\"{&quot;_transform_scale_effect_hover&quot;:{&quot;unit&quot;:&quot;px&quot;,&quot;size&quot;:0.9699999999999999733546474089962430298328399658203125,&quot;sizes&quot;:[]},&quot;background_background&quot;:&quot;classic&quot;,&quot;_transform_scale_effect_hover_laptop&quot;:{&quot;unit&quot;:&quot;px&quot;,&quot;size&quot;:&quot;&quot;,&quot;sizes&quot;:[]},&quot;_transform_scale_effect_hover_tablet_extra&quot;:{&quot;unit&quot;:&quot;px&quot;,&quot;size&quot;:&quot;&quot;,&quot;sizes&quot;:[]},&quot;_transform_scale_effect_hover_tablet&quot;:{&quot;unit&quot;:&quot;px&quot;,&quot;size&quot;:&quot;&quot;,&quot;sizes&quot;:[]},&quot;_transform_scale_effect_hover_mobile&quot;:{&quot;unit&quot;:&quot;px&quot;,&quot;size&quot;:&quot;&quot;,&quot;sizes&quot;:[]}}\" href=\"https:\/\/www.consularsa.com.ar\/?p=1811\">\n\t\t\t\t\t<div class=\"e-con-inner\">\n\t\t<div class=\"elementor-element elementor-element-69873c3c e-con-full e-flex e-con e-child\" data-id=\"69873c3c\" data-element_type=\"container\">\n\t\t\t\t<div class=\"elementor-element elementor-element-7d036fb3 elementor-widget elementor-widget-theme-post-title elementor-page-title elementor-widget-heading\" data-id=\"7d036fb3\" data-element_type=\"widget\" data-widget_type=\"theme-post-title.default\">\n\t\t\t\t<div class=\"elementor-widget-container\">\n\t\t\t\t\t<h3 class=\"elementor-heading-title elementor-size-default\">Fuimos pioneros en la implementaci\u00f3n de LiDAR en Tucum\u00e1n<\/h3>\t\t\t\t<\/div>\n\t\t\t\t<\/div>\n\t\t\t\t<div class=\"elementor-element elementor-element-6849d07 elementor-widget-divider--view-line elementor-widget elementor-widget-divider\" data-id=\"6849d07\" data-element_type=\"widget\" data-widget_type=\"divider.default\">\n\t\t\t\t<div class=\"elementor-widget-container\">\n\t\t\t\t\t\t\t<div class=\"elementor-divider\">\n\t\t\t<span class=\"elementor-divider-separator\">\n\t\t\t\t\t\t<\/span>\n\t\t<\/div>\n\t\t\t\t\t\t<\/div>\n\t\t\t\t<\/div>\n\t\t<div class=\"elementor-element elementor-element-1f329c4 e-con-full e-flex e-con e-child\" data-id=\"1f329c4\" data-element_type=\"container\">\n\t\t\t\t<div class=\"elementor-element elementor-element-082b779 elementor-widget elementor-widget-heading\" data-id=\"082b779\" data-element_type=\"widget\" data-widget_type=\"heading.default\">\n\t\t\t\t<div class=\"elementor-widget-container\">\n\t\t\t\t\t<div class=\"elementor-heading-title elementor-size-default\">Ver m\u00e1s<\/div>\t\t\t\t<\/div>\n\t\t\t\t<\/div>\n\t\t\t\t<div class=\"elementor-element elementor-element-c0a7154 elementor-widget elementor-widget-image\" data-id=\"c0a7154\" data-element_type=\"widget\" data-widget_type=\"image.default\">\n\t\t\t\t<div class=\"elementor-widget-container\">\n\t\t\t\t\t\t\t\t\t\t\t\t\t\t\t<img decoding=\"async\" width=\"101\" height=\"100\" src=\"https:\/\/www.consularsa.com.ar\/wp-content\/uploads\/consultar-arrow-icon.svg\" class=\"attachment-large size-large wp-image-1815\" alt=\"\" \/>\t\t\t\t\t\t\t\t\t\t\t\t\t\t\t<\/div>\n\t\t\t\t<\/div>\n\t\t\t\t<\/div>\n\t\t\t\t<\/div>\n\t\t\t\t\t<\/div>\n\t\t\t\t<\/a>\n\t\t\t\t<\/div>\n\t\t<style id=\"loop-dynamic-923\">.e-loop-item-1488 .elementor-element.elementor-element-3d7f2f2d:not(.elementor-motion-effects-element-type-background), .e-loop-item-1488 .elementor-element.elementor-element-3d7f2f2d > .elementor-motion-effects-container > .elementor-motion-effects-layer{background-image:url(\"https:\/\/www.consularsa.com.ar\/wp-content\/uploads\/WhatsApp-Image-2025-11-28-at-08.17.58.jpeg\");}<\/style>\t\t<div data-elementor-type=\"loop-item\" data-elementor-id=\"923\" class=\"elementor elementor-923 e-loop-item e-loop-item-1488 post-1488 post type-post status-publish format-standard has-post-thumbnail hentry category-topografia-y-geoespacial\" data-elementor-post-type=\"elementor_library\" data-custom-edit-handle=\"1\">\n\t\t\t<a class=\"elementor-element elementor-element-3d7f2f2d e-transform e-flex e-con-boxed e-con e-parent\" data-id=\"3d7f2f2d\" data-element_type=\"container\" data-settings=\"{&quot;_transform_scale_effect_hover&quot;:{&quot;unit&quot;:&quot;px&quot;,&quot;size&quot;:0.9699999999999999733546474089962430298328399658203125,&quot;sizes&quot;:[]},&quot;background_background&quot;:&quot;classic&quot;,&quot;_transform_scale_effect_hover_laptop&quot;:{&quot;unit&quot;:&quot;px&quot;,&quot;size&quot;:&quot;&quot;,&quot;sizes&quot;:[]},&quot;_transform_scale_effect_hover_tablet_extra&quot;:{&quot;unit&quot;:&quot;px&quot;,&quot;size&quot;:&quot;&quot;,&quot;sizes&quot;:[]},&quot;_transform_scale_effect_hover_tablet&quot;:{&quot;unit&quot;:&quot;px&quot;,&quot;size&quot;:&quot;&quot;,&quot;sizes&quot;:[]},&quot;_transform_scale_effect_hover_mobile&quot;:{&quot;unit&quot;:&quot;px&quot;,&quot;size&quot;:&quot;&quot;,&quot;sizes&quot;:[]}}\" href=\"https:\/\/www.consularsa.com.ar\/?p=1488\">\n\t\t\t\t\t<div class=\"e-con-inner\">\n\t\t<div class=\"elementor-element elementor-element-69873c3c e-con-full e-flex e-con e-child\" data-id=\"69873c3c\" data-element_type=\"container\">\n\t\t\t\t<div class=\"elementor-element elementor-element-7d036fb3 elementor-widget elementor-widget-theme-post-title elementor-page-title elementor-widget-heading\" data-id=\"7d036fb3\" data-element_type=\"widget\" data-widget_type=\"theme-post-title.default\">\n\t\t\t\t<div class=\"elementor-widget-container\">\n\t\t\t\t\t<h3 class=\"elementor-heading-title elementor-size-default\">Un nuevo reconocimiento vial que respalda nuestro esfuerzo<\/h3>\t\t\t\t<\/div>\n\t\t\t\t<\/div>\n\t\t\t\t<div class=\"elementor-element elementor-element-6849d07 elementor-widget-divider--view-line elementor-widget elementor-widget-divider\" data-id=\"6849d07\" data-element_type=\"widget\" data-widget_type=\"divider.default\">\n\t\t\t\t<div class=\"elementor-widget-container\">\n\t\t\t\t\t\t\t<div class=\"elementor-divider\">\n\t\t\t<span class=\"elementor-divider-separator\">\n\t\t\t\t\t\t<\/span>\n\t\t<\/div>\n\t\t\t\t\t\t<\/div>\n\t\t\t\t<\/div>\n\t\t<div class=\"elementor-element elementor-element-1f329c4 e-con-full e-flex e-con e-child\" data-id=\"1f329c4\" data-element_type=\"container\">\n\t\t\t\t<div class=\"elementor-element elementor-element-082b779 elementor-widget elementor-widget-heading\" data-id=\"082b779\" data-element_type=\"widget\" data-widget_type=\"heading.default\">\n\t\t\t\t<div class=\"elementor-widget-container\">\n\t\t\t\t\t<div class=\"elementor-heading-title elementor-size-default\">Ver m\u00e1s<\/div>\t\t\t\t<\/div>\n\t\t\t\t<\/div>\n\t\t\t\t<div class=\"elementor-element elementor-element-c0a7154 elementor-widget elementor-widget-image\" data-id=\"c0a7154\" data-element_type=\"widget\" data-widget_type=\"image.default\">\n\t\t\t\t<div class=\"elementor-widget-container\">\n\t\t\t\t\t\t\t\t\t\t\t\t\t\t\t<img decoding=\"async\" width=\"101\" height=\"100\" src=\"https:\/\/www.consularsa.com.ar\/wp-content\/uploads\/consultar-arrow-icon.svg\" class=\"attachment-large size-large wp-image-1815\" alt=\"\" \/>\t\t\t\t\t\t\t\t\t\t\t\t\t\t\t<\/div>\n\t\t\t\t<\/div>\n\t\t\t\t<\/div>\n\t\t\t\t<\/div>\n\t\t\t\t\t<\/div>\n\t\t\t\t<\/a>\n\t\t\t\t<\/div>\n\t\t\t\t<\/div>\n\t\t\n\t\t\t\t\t\t<\/div>\n\t\t\t\t<\/div>\n\t\t\t\t\t<\/div>\n\t\t\t\t<\/div>\n\t\t\t\t<\/div>\n\t\t","protected":false},"excerpt":{"rendered":"<p>Novedades que impulsan innovaci\u00f3n y desarrollo Descubr\u00ed nuestra experiencia a trav\u00e9s de proyectos ejecutados en transporte, energ\u00eda, miner\u00eda y Oil &amp; Gas. Cada caso refleja nuestra capacidad de adaptaci\u00f3n t\u00e9cnica con resultados de alto impacto. Infraestructura y obra p\u00fablica Topograf\u00eda y geoespacial Todos<\/p>\n","protected":false},"author":1,"featured_media":3539,"parent":0,"menu_order":7,"comment_status":"closed","ping_status":"closed","template":"","meta":{"_acf_changed":false,"inline_featured_image":false,"footnotes":""},"class_list":["post-42","page","type-page","status-publish","has-post-thumbnail","hentry"],"acf":[],"_links":{"self":[{"href":"https:\/\/www.consularsa.com.ar\/index.php?rest_route=\/wp\/v2\/pages\/42","targetHints":{"allow":["GET"]}}],"collection":[{"href":"https:\/\/www.consularsa.com.ar\/index.php?rest_route=\/wp\/v2\/pages"}],"about":[{"href":"https:\/\/www.consularsa.com.ar\/index.php?rest_route=\/wp\/v2\/types\/page"}],"author":[{"embeddable":true,"href":"https:\/\/www.consularsa.com.ar\/index.php?rest_route=\/wp\/v2\/users\/1"}],"replies":[{"embeddable":true,"href":"https:\/\/www.consularsa.com.ar\/index.php?rest_route=%2Fwp%2Fv2%2Fcomments&post=42"}],"version-history":[{"count":76,"href":"https:\/\/www.consularsa.com.ar\/index.php?rest_route=\/wp\/v2\/pages\/42\/revisions"}],"predecessor-version":[{"id":4383,"href":"https:\/\/www.consularsa.com.ar\/index.php?rest_route=\/wp\/v2\/pages\/42\/revisions\/4383"}],"wp:featuredmedia":[{"embeddable":true,"href":"https:\/\/www.consularsa.com.ar\/index.php?rest_route=\/wp\/v2\/media\/3539"}],"wp:attachment":[{"href":"https:\/\/www.consularsa.com.ar\/index.php?rest_route=%2Fwp%2Fv2%2Fmedia&parent=42"}],"curies":[{"name":"wp","href":"https:\/\/api.w.org\/{rel}","templated":true}]}}